6757 - -6770 - ((3 - 56) + 2).
64
What is the value of -61 + (-3 - -54) - -7?
-3
What is the value of (-22 - -13) + 3 + -17?
-23
Calculate 1 - 9 - ((29 - (10 - 17)) + -52).
8
What is 45 + -43 + 46 + -74?
-26
What is the value of -12 + (10 - 28) + -4 + 7 - -4?
-23
4 + (-55 - -7) + 114 - 21
49
Calculate 13 - 44 - ((68 - 12) + -36).
-51
Calculate 17 + (-74 - (-34 - -16)).
-39
3 + 1 + 18 - (2664 - 2567)
-75
What is the value of -2 + 12 + -8 + (7 - 5) - -24?
28
Evaluate -100 - (-267 - -163) - (-2 + 1 + 44).
-39
What is the value of 319 - 309 - (-2 + -4)?
16
What is the value of ((-4 - -6) + -1 - (1 + -1)) + -67 + 5?
-61
4 + 53 + -112 - -11
-44
Evaluate (14 + -4 - (15 + -1 + -1)) + 23.
20
What is the value of 35 - (16 - -37) - 5?
-23
Evaluate -5 - -60 - (-14 - (75 + -55)).
89
What is 4 + 25 - (-1 - (11 + 11 - 16))?
36
Evaluate 3 + 14 + 7 + -84 + 14.
-46
What is the value of 0 - 4 - (-4 + 2) - (36 + -3)?
-35
What is the value of -54 + (-2 - -1) + -17 + -72 + 75?
-69
What is -15 + (-30 - 31 - -17) + -12?
-71
Calculate (27 - 12 - 24 - 17) + -32.
-58
Evaluate (-1 - (-1 + -3)) + -89 + 18 + 49 + -78.
-97
What is -77 - -117 - (88 + -25)?
-23
Calculate 79 + -127 + (-10 - -5 - (-3 + 7)).
-57
Evaluate -16 - (-12 + 71 + (-15 - -10 - -8)).
-78
Evaluate -12 - ((31 - -19) + -32).
-30
(630 - 636) + 0 + -1 + 5 + 14 - 5
7
Calculate 74 + ((9 - -3) + -20 - (-15 - (6 + -2))).
85
What is the value of 18 + -141 - (131 - 215)?
-39
What is the value of -1 - (15 + (-26 - -57) + 12)?
-59
What is 6 - ((110 + -105 - (19 - 1)) + 12)?
7
What is (6 - (17 + 2) - -6) + (-46 - -86)?
33
103 - (31 + -43 + (72 - 36))
79
What is 39 + (-15 + 0 - (-211 + 207)) + 22?
50
What is the value of 14 + 21 + -45 + (8 - 32)?
-34
What is -25 + -13 + (5 - 3)?
-36
What is (-1703 - -1711) + (-13 - 1)?
-6
(-6 + (-9 - -18) - 18) + -22
-37
Calculate -81 + -22 - -30 - -81.
8
What is the value of -3155 - -3191 - (1 - 1)?
36
What is the value of -13 - -1 - (15 + -23 + 5 + -13)?
4
Evaluate -495 + 498 - (-4 - (-4 - -3)).
6
What is -148 + (-132 - -206) + 83?
9
What is the value of -15 - (60 + -84 + -73)?
82
97 + (-55 - 5) + 32
69
Calculate 12 - (9 - (-1 + 0 + -1 + -46)).
-45
What is the value of -89 + -26 + 141 - (-1 - -12)?
15
Calculate ((309 - 299) + -22 + 1 - -22) + 2.
13
(-8 + 2 - (-1 - 2)) + -75 + (-16715 - -16728)
-65
What is the value of 274 + -87 + -88 - 10?
89
Calculate -11 - (-28 + 17 + -18) - 20.
-2
What is -31 + 116 - (29 + 13 + -28)?
71
Evaluate 8 + (-9 - -1) + (40 - 15 - 16).
9
-11 + 8 - (1 - 0) - (-52 + 52)
-4
Calculate (46 - (-37 - -91)) + 79.
71
Evaluate -1 + -17 + (87 - (8 + -48) - 47).
62
Calculate (2 - 19 - 9) + 9 + 41.
24
122 + -392 - -128 - -13
-129
What is the value of -130 - 62 - -77 - ((1 - 0) + -13)?
-103
What is -19 - (7 - (-18 - (-38 + 10))) - 72?
-88
-42 - (3 - 3) - (9 - 4 - -1)
-48
What is the value of -28 - -11 - -16 - 15 - (3 - 91)?
72
Calculate -29 - (-40 + -81 + 151).
-59
What is the value of -5 + 13 + (7 - (0 - (9 - 9)))?
15
What is -42 - (-41 - -3) - -28?
24
Evaluate 20 + -1 - 15 - 161 - -28.
-129
What is -89 + 91 - (2 - -7 - -2)?
-9
Calculate 2 + 4 + (-6 - ((-29 - -13) + 4 + -2)).
14
Evaluate -11 + 17 + 0 + (274 - 255).
25
Evaluate 3 - -14 - (96 + -98 + (3 - (0 + 3))).
19
Evaluate -4449 + 4460 + 0 + 71.
82
What is the value of -44 - (2 - (33 - 18) - -3)?
-34
What is 60 + (6 + 0 - (-749 - -715))?
100
Calculate -73 - (16 + (-44 - -22) + -16).
-51
Evaluate 16 - 0 - (71 - 6 - (106 - 82)).
-25
Calculate 13 - (1 + (35 - 28)).
5
What is -38 + 3 + -5 + 5 + 16 + -17 + -8?
-44
What is (-1 + -27 - -35) + 0 + 4 + 0 + -24?
-13
What is the value of (2 + 0 - -1) + (55 - (177 + -114)) - -135?
130
What is the value of 31 + -10 + 3 + 31?
55
-31 + (-10 - (-33 - 22)) + 85
99
Calculate (1 - (6 - 5) - 10 - -8 - 5) + 10.
3
Calculate -4 + (13 - (-5 + (23 - 14))) + -43.
-38
What is -97 + 158 - (129 + 12)?
-80
Calculate 7 + -175 + 38 + 74.
-56
Calculate -72 - (40 + -50) - (-9 - (-1 - 0)).
-54
-46 + 0 + (-19 + (18 - 13) - -6)
-54
What is the value of -60 + 4 + 8 + -5 + -5 + -8?
-66
What is the value of (99 - (-20 - (-17 - 13))) + (-1 - -11)?
99
Calculate 1489 - 1449 - (30 - 0).
10
8 + -4 - (5 + (50 - -5) + 15 + -2)
-69
What is -5 + 1 + 909 + -1008 + (1 - (-13 + 3))?
-92
Evaluate (-35 - -3 - -8) + 20 + -13.
-17
Calculate -27 + -121 + 199 + (-5 - 83).
-37
(4 - 12) + ((0 - -64) + (46 - 55) - 5)
42
-379 + 343 + -9 + 35
-10
What is 1 + 54 - (-1 + 12 + (29 - 50))?
65
Calculate 1 - 86 - (-346 - -331).
-70
Evaluate -3 - 119 - (10059 + -10185).
4
What is -29 + 4 - -24 - (-13 - -21) - (-1 + 17)?
-25
Calculate 15 + 0 + -2 - (12 + (9 - (29 - 14))).
7
Evaluate -6 + (3 - 7) - (22 + -62) - 3.
27
(-37 - -18 - (-3 + -6) - -44) + (2 - -4)
40
What is -39 + 17 + -29 + 3 + -4 + -1 + 13?
-40
Calculate 34 - (-18 + -39 + 85).
6
Evaluate -92 - 1 - (466 - 469).
-90
What is the value of -14 + (2 - -2) + 718 + -751?
-43
What is (-27 - -22 - 43) + 12?
-36
Calculate 1 - -12 - (40 + -72 + 15).
30
Evaluate 328 - (414 - 136) - ((5 - (-3 - -1)) + -1).
44
-3 + 22 + -2 + (-19 - 5)
-7
What is the value of -20 + (-20 - -18) - (-6 + 50)?
-66
Evaluate (-19 - -47) + -95 - -99.
32
39 - -1 - (-8 + -15 - (42 - 58))
47
11 + (22 + -58 - 21 - (0 + 2))
-48
Evaluate (-13 + 2 - -58) + -38.
9
29 + 21 + -3 + -22 + 15
40
What is -11 + -25 + 225 + -189?
0
Evaluate 3495 + -3614 - (-199 + 1).
79
What is the value of (-35 - (11 - 18)) + (-2 - (-11 + -7))?
-12
What is 42 + -69 + 37 + (-57 - -10) + -10?
-47
What is (-5 + (17 - 13) - (4 - 14)) + -22?
-13
What is -4 + -70 + 75 - 31?
-30
What is the value of 28 + 72 - (10 + -3 - (0 - -10))?
103
(-57 - 1) + (240 - 221)
-39
What is the value of -18 + (12 - -19 - 21) - (3 + 7)?
-18
Evaluate 103 - (216 - 90 - 157).
134
-49 + -10 + (10 + 0 - 21)
-70
Calculate -2 + 155 - (3570 + -3514).
97
What is the value of 232 + -247 - (-56 + 0 + 3)?
38
What is (49 - 28 - (-12 - 1)) + 1 + -5?
30
What is the value of -16 - (-30 - (84 + (12 - 16)))?
94
What is the value of -131 + -112 + 158 + 19?
-66
Calculate (3 - 5 - (-30 - 1)) + (-25 - (-108 - -88)).
24
What is -1 - -10 - ((12 - (-5 - -31)) + -5)?
28
41 + -39 - (-5 + -1 + (-2 - (-5 + -7)))
-2
Evaluate -17 + 11 + (-3 + 3 - (-33 - -21)).
6
What is -19 + 52 + -49 + 45?
29
Evaluate 112 - (160 - (194 + -96)).
50
Calculate (14 - (23 + 0 + 0)) + 8 + -3 + -73.
-77
Evaluate 0 + 55 + (-276 - -275 - (7 - (1 - 0))).
48
What is the value of -47 + 10 + (0 - (8 - 25 - -1))?
-21
Evaluate (35 + -3 - 9) + -38 + -42.
-57
What is (58 - (72 - 74)) + 10?
70
What is the value of 10 - ((43 - 1) + (-370 - -321))?
17
Calculate 14 + (18 - 24) - 19 - 19.
-30
What is 13 - -9 - -16 - 23 - -19?
34
Calculate (11 + 32 + -15 - 5) + 32.
55
Calculate -56 - (195 - 139 - 115).
3
What is the value of 7 + (2 - -1) - (-670 + 615) - (-9 - -1)?
73
-1 + -65 - (-3437 + 3429)
-58
Calculate (196 - 186) + (9 - 2 - (-1 + 1)).
17
What is 3 - 2 - 1 - (34 + (-8 - -7))?
-33
Calculate -1 - 87 - (-416 + 126 + 247).
-45
Calculate 13 + -1 + -676 + 655.
-9
What is (7 - 4) + (-8 - 0) - -42 - (-3 + 1)?
39
What is (13 - (71 - 9) - -14) + 17 + -9?
-27
Calculate -63 - (9 - (-61 - -115)).
-18
What is 609 - 580 - (-22 - -1)?
50
Evaluate -8 + 21 + -11 + (0 - 10) - -56.
48
What is (-9 - (18 - 46) - 7) + -41?
-29
Calculate -13 - (41 - 27 - (5 + (50 - 6))).
22
(-4 + -9 + 4 - -4) + 468 + -472
-9
What is the value of (-18 - ((16 - 42) + -103)) + -34?
77
89 + -88 + 17 - 1
17
-38 - ((69 - 21) + -38) - (19 + 0)
-67
Evaluate -45 + 4 + 30 + -16 + -6 + -6.
-39
What is the value of (-133 - (-272 - -118)) + (-134 - (4 - 0))?
-117
What is 8 - (2 + -15 + 0 + (-870 - -878))?
13
What is the value of 76 + (-13 + 56 + -30 - 30)?
59
Evaluate (73 - 2) + -64 + 34 + 1 + 11.
53
-79 + ((41 - 34) + -29 - 18)
-119
What is the value of 38 + (-7 - (-9 + -1 + 154 + -138))?
25
What is the value of -1 - -15 - (23 - -18) - -13?
-14
What is 120 - 180 - (-14 - 54)?
8
Calculate (-105 - -23 - -65) + 6.
-11
What is the value of (1 - (2 - (12 + -8)) - 26) + -11 + 0?
-34
Evaluate 114 - (-6 + 31 + -6) - (-1 - -12).
84
32 + (66 - 84) + -19
-5
34 + (-2 + 8 - 6) + -42 + 53
45
Evaluate -1 + 41 - (4919 - 4877).
-2
What is the value of -114 + 92 + -34 + -6?
-62
Evaluate -278 - (-80 + -49) - -27.
-122
Calculate 77 - (-227 - -94 - -320).
-110
(-23 - -43) + -16 + -8 + 20 - -35
51
Evaluate